 11. Let l be f(-18). Let t(k) = -k**3 + 7*k**2 - 2*k - 8. Determine t(l).
-22
Let v(i) = i**3 + 8*i**2 - 9*i - 6. Let r be v(-9). Let x(b) = -b**2 - 7*b - 8. What is x(r)?
-2
Let i = -20 - -16. Let d(l) = -2*l**2 - 6*l - 3. Give d(i).
-11
Suppose -2*f + 0*f = 6, 0 = l + 4*f + 11. Let v(i) be the first derivative of l - 2*i - 1/4*i**4 + 2*i**2 + 2/3*i**3. Give v(3).
1
Suppose 5*u - 3*f + 2*f - 11 = 0, -3*u + 4*f + 10 = 0. Let p be (u/(-3))/(2/(-18)). Let s(y) = -y + 1. Calculate s(p).
-5
Let v = 127 - 130. Let i(m) = -2*m**3 - 3*m**2 + 5*m + 3. Give i(v).
15
Let r(u) = u**2 + u - 9. Suppose 4*d - 1 - 8 = a, -3*d - 2*a = -4. Suppose 0 = d*k - 3*k + 6. Suppose k*o = o. Calculate r(o).
-9
Let c be (-1)/(-1)*(11 + -4). Let t = 7 - c. Let b(s) = -s**2 - s + 4. Calculate b(t).
4
Let z(u) = 4*u + 3*u - 8*u - 1 - 2*u**2. Determine z(2).
-11
Let l(i) = -i**3 + 2*i**2 + 4*i - 3. Suppose h + m - 7 = -m, -6 = -4*h + 3*m. Give l(h).
0
Let s be (3 - -16) + 0 - 1. Let n be (-16)/24*s/4. Let a(z) = -z**3 - 4*z**2 - 4*z - 3. What is a(n)?
0
Let t(k) = -2*k - 6. Let w = 7 + -11. Let u be t(w). Let r(v) be the third derivative of v**4/12 - v**3/3 - v**2. Determine r(u).
2
Let l(m) = m**3 + 1 - 7*m - 2*m**2 + 3*m + 4*m. Suppose 2*j + 2*u + 1 = -1, 5*j + 21 = 3*u. Let s = j + 4. Calculate l(s).
0
Let n = -4 + 1. Let d(g) = -2*g**3 + 3*g**2 + 9*g + 17. Let u(w) = w**3 - w**2 - 4*w - 8. Let q(b) = 6*d(b) + 13*u(b). What is q(n)?
10
Let d(u) = 4*u**2 - 15*u - 2. Let t(q) = 5*q**2 - 16*q - 2. Let o(f) = -6*d(f) + 5*t(f). Give o(-7).
-19
Let v(y) be the second derivative of -y**4/12 + y**3/3 + 5*y**2/2 - 2*y. Calculate v(4).
-3
Let h(d) = d**2 + 8*d + 17. Let g be h(-5). Let m(z) be the second derivative of -z**5/20 + z**4/12 + z**3/6 + z**2 - 2*z. Give m(g).
0
Let n(g) = -g**3 + 10*g - 6. Suppose -4*x - 3 = 1. Let k(z) = -z**2 + z. Let v(q) = x*n(q) + 4*k(q). Calculate v(5).
1
Let z(t) be the third derivative of -t**6/120 - t**5/6 - 5*t**4/12 - t**3/3 + t**2. What is z(-9)?
7
Let n = 0 - 1. Let j = -10 + 16. Let c(d) = -2*d - 2 + j*d + 3. What is c(n)?
-3
Let n(y) = y**3 + 2*y**2 - 2*y + 1. Let s = -1 + -2. Give n(s).
-2
Let s(v) be the first derivative of 0*v - v**2 - 2 - 1/24*v**4 + 0*v**3. Let m(b) be the second derivative of s(b). Give m(5).
-5
Let p be ((-2)/(-5))/(4/(-20)). Let g = p + 2. Let f(h) = h**3 + h**2 + 8. Calculate f(g).
8
Let p be 3/2 + (-45)/6. Let o(c) = -c. What is o(p)?
6
Let r(l) = 3*l**3 - 3*l**2 + l. Let v(m) = 10*m - 8. Let a be v(1). Calculate r(a).
14
Let t be 0 + -2 + 2 + (-7 - -4). Let k(x) = x**3 + 4*x**2 + 3*x. Calculate k(t).
0
Let w(m) be the first derivative of 1/2*m**2 + 2 + 0*m. Determine w(2).
2
Let m(f) = -6*f**2 + 2*f - 1. Suppose -2*a = -0*a - 2. Determine m(a).
-5
Let i(h) = -h**2 - 3*h + 3. Suppose -2 = -3*s + 7. Let p(t) = -t**2 - 6*t - 6. Let o be p(-4). Suppose -o*k - 11 = 5*d, 0 = -4*d - k - s - 7. Determine i(d).
3
Let z(w) = -2*w**2 + 9*w + w**2 + 0*w - 2*w. Calculate z(6).
6
Let x be (-1 + (-5 - -8))/(1*-1). Let n(t) = -t + 1. Determine n(x).
3
Let u(d) be the third derivative of -d**4/24 + d**3/6 - d**2. What is u(5)?
-4
Let w be 2 - (-1 - -7)/2. Let a(o) = -11*o**3 - 7*o**2 - 2*o - 1. Let z(d) = d**2. Let f(v) = a(v) + 5*z(v). Determine f(w).
10
Let a = 50 - 46. Let n(x) = -x**3 + 5*x**2 - 4*x - 4. What is n(a)?
-4
Let g(x) be the first derivative of 2/3*x**3 + 2 - 1/2*x**2 + 0*x. What is g(-1)?
3
Let d(j) be the third derivative of -5*j**4/12 - j**2. Calculate d(-1).
10
Let d(l) = l**2 - 5*l - 3. Let t = 0 - 5. Let p = t + 9. Suppose 0 = 3*u + 3*a - 5*a - p, 0 = 3*u - 3*a. Give d(u).
-7
Suppose 9*y - 4*y + 4*a = 125, 0 = y + 2*a - 31. Suppose -v + 3*c + 21 = 0, -2 = 4*v + c - y. Let f(r) = -3*r + 8. Calculate f(v).
-10
Let s(o) be the second derivative of o**6/720 + o**5/24 + 5*o**4/12 - 10*o. Let z(v) be the third derivative of s(v). Calculate z(-5).
0
Let v(t) = t + 13. Let q be ((-4)/12)/((-3)/(-27)) - 5. Give v(q).
5
Let s(t) = -6*t**2 - 2*t - 5. Let h(j) = -j + 2. Let q be h(7). Let b(o) = -7*o**2 - 3*o - 6. Let y(i) = q*b(i) + 6*s(i). Let c be (2 - 2 - 1)*-4. Give y(c).
-4
Let z(r) = r - 3. Let j(o) = -3*o + 10. Let i(a) = 3*j(a) + 8*z(a). Determine i(3).
3
Let t(q) = 3*q**3 - 2 + q**2 - q**3 - 3*q**3. Suppose -f = -6*f. Determine t(f).
-2
Let z(m) = m + 3. Let s(r) be the first derivative of r**2 + 6*r + 4. Let d(x) = 3*s(x) - 7*z(x). Calculate d(3).
-6
Suppose -3*p + 6 + 6 = 0. Suppose p*k + 4 = 3*k. Let h = -3 - k. Let x(o) = 6*o - 1. Determine x(h).
5
Let q(r) = 1 - 2 - r**2 - 2*r**2. Suppose 4*i - t = -0*t + 2, 2 = t. Calculate q(i).
-4
Let d(n) = -n**2 - 9*n. Let y(c) = c**2 + 10*c - 1. Let j(z) = -5*d(z) - 4*y(z). Give j(-3).
-2
Suppose -14 - 22 = 3*l. Let h(s) = -s**2 - 11*s - 1. Determine h(l).
-13
Suppose -4*a - 3 - 5 = 0. Let n be (0 - 0) + (-3)/(-1). Let l = n - a. Let f(b) = b**3 - 4*b**2 - 6*b + 5. Give f(l).
0
Suppose -118*z = -126*z + 16. Let f(m) = -3*m**3 + m**2 + 2. Calculate f(z).
-18
Suppose 3*m - 3*u = -21, 2*m + 3 = 4*u - 21. Let w(f) = -14 + 25 - 2*f - 13. What is w(m)?
2
Let f(t) = -t**3 - 5*t**2 - 4*t. Let l be (1 - -1)/2 - 0. Suppose x - l = 0, -x - 4*x = -4*u - 29. Let j be (-18)/15*(-20)/u. Calculate f(j).
0
Let q(f) = -2*f**2 + f + 6. Let i(h) = 1. Let p(z) = -5*i(z) + q(z). Determine p(3).
-14
Let n(i) = -4*i**3 + 5*i**2 + 2*i - 7. Let z(x) = 9*x**3 - 10*x**2 - 4*x + 14. Let d(l) = -7*n(l) - 3*z(l). Determine d(5).
-3
Let o(x) be the second derivative of -x**4/12 + 7*x**3/6 - 3*x**2/2 - 6*x. What is o(7)?
-3
Let v = -7 - -10. Let l(w) = -w - 2 + 0 + v*w - w. Determine l(-2).
-4
Let m = 87 + -87. Let g(u) = -u**3 + u - 12. Determine g(m).
-12
Let j(z) = -1 - z + z**2 - 2*z + 0*z**2 + 2*z. Determine j(0).
-1
Suppose 2*g + 8 = -2*j, -5*g = j + 53 - 21. Let q(c) be the first derivative of c**2/2 + 12*c - 1. Determine q(g).
5
Suppose 0 = -5*d - c + 17, -2*d - 3*c = -6*c. Let v(k) be the third derivative of 0 + 0*k - 1/60*k**5 - 1/8*k**4 - k**2 + 0*k**d. What is v(-3)?
0
Let n(d) = d**2 - 4*d - 1. Suppose 0 + 15 = 5*x. Determine n(x).
-4
Let n(s) be the first derivative of -s**2 + 4*s + 7. Give n(6).
-8
Let s = 20 - 13. Let t(w) = s - 3 + 8 - w. What is t(6)?
6
Let b be 1/(-1)*(2 + -2). Let c(x) = -x + 6. Calculate c(b).
6
Let c(a) = -a**3 + 4*a**2 + 6*a - 2. Let p be c(5). Let g(h) = -3*h - 3. Let q(r) = r. Let z(i) = g(i) + 4*q(i). Give z(p).
0
Let a(v) be the third derivative of v**4/8 - v**3/2 + 36*v**2. Give a(2).
3
Suppose 5 = 4*f + 1. Let h(c) = 0 + f + 8*c - 7*c + 0. Calculate h(6).
7
Let n(d) = -d + 7. Let u be n(9). Let w be u - (2 - 6) - 2. Let x(p) = -p - 2 - 1 + 1. Give x(w).
-2
Let j be ((-2)/4)/((-2)/(-24)). Let g(q) = 0*q - 7*q - 3 + 5*q**2 + q**3 - 2. Determine g(j).
1
Let i(o) = -o + 0 - 4 + 2*o. Suppose -3*f = -9 + 24. Let r = f + 10. Calculate i(r).
1
Let d(f) = f + 1. Let i(o) = o**2 + o + 10. Let a(r) = 2*d(r) - i(r). Calculate a(0).
-8
Let n(t) be the third derivative of t**5/60 - t**4/6 - 2*t**3/3 + t**2. Let a be 4 - (2/(-10) + 9/45). Determine n(a).
-4
Let u(l) = 3*l**2 + 3*l + 2. Let b be -2 + 2/(-3) + 2/3. Determine u(b).
8
Let u(s) = -s - 3. Let m be u(-4). Let c(o) = 12*o + 2 + 0 - 1. Determine c(m).
13
Let f(k) = -59 + 4*k**2 + 56 + 5*k - 3*k**2. Let v = -1 + -4. Calculate f(v).
-3
Let p(l) be the first derivative of l**3/3 + 9*l**2/2 - l - 8. What is p(-8)?
-9
Suppose 3*o = 4*o - 2*s - 18, -3*s - 3 = 0. Suppose o = 2*k - 20. Let c = k - 12. Let l(r) = -r + 6. Give l(c).
0
Suppose -1 = 4*i - 9. Let v be 1/2 + 5/i. Let x(z) = -z**3 + z - 1. Let a(f) = -2*f**2 - 2*f - 5. Let q(c) = a(c) - x(c). Determine q(v).
-4
Let n(j) = 5*j + 5. Let t(x) = 6*x + 5. Let c(d) = -5*n(d) + 4*t(d). Give c(0).
-5
Let m(v) = v**3 - v**2 - 3*v. Let x(j) = j**2 + 15*j - 13. Let k be x(-16). What is m(k)?
9
Let b = 4 - 8. Let r = 1 + b. Let l(n) = n**2 + n + 2. Calculate l(r).
8
Let c(h) = -2*h**2 - 16*h - 25. Let z = -35 - -22. Let w(k) = k**2 + 8*k + 12. Let g(r) = z*w(r) - 6*c(r). Calculate g(-5).
9
Let b(g) = 1. Let d(a) = 4*a - 3. Let s(p) = -6*b(p) - d(p). Let l be -1*(0 + 1)*12. Let n be 34/l - (-2)/(-12). What is s(n)?
9
Let d(y) = y**3 + 9*y**2 - y - 3. Let n = 45 - 54. Calculate d(n).
6
Let m(v) = -5*v**2 - 5*v + 1. Let i(o) = 2*o**2 + 3*o - 1. Let c(p) = 7*i(p) + 